2 + 3. Suppose h*d + 22 = 5*d. List the prime factors of d.
2, 11
Let d(w) = -w - 2. Let b be d(-7). Suppose -b*f + 1 = -2*o + 5, 0 = -o + 2. Let v(y) = -y**3 + y**2 + 8. List the prime factors of v(f).
2
Let t = 390 - 267. List the prime factors of t.
3, 41
Suppose b + 879 = 8*a - 4*a, 5 = 5*b. List the prime factors of (a/15)/((-2)/(-3)).
2, 11
Suppose 0 = 24*m - 29*m + 15. What are the prime factors of m?
3
Let s = 9 - 5. Let d be 2/s + (-13)/(-2). Suppose d = f - 1. List the prime factors of f.
2
Let a(l) = -l**3 + 11*l**2 + 13*l - 18. Let q be a(12). Let p be q/(-9)*3/2. Suppose w + 0*w = 2*z + p, 10 = w + z. List the prime factors of w.
7
Let c = -19 - -7. Let g be (-8)/(-3) + (-4)/c. Suppose 3*a + f + 18 - 46 = 0, 4*a = g*f + 20. What are the prime factors of a?
2
Let y(d) = 31*d - 10. List the prime factors of y(2).
2, 13
Suppose 4*l = 5*b + 11, 0 = -2*b - 5*l - 5 - 6. What are the prime factors of (b/3)/1*-13?
13
Let z(f) = 5*f - 5. Let x be z(5). Let d = -3 + x. What are the prime factors of d?
17
Let k(c) = 3*c - 1. Let w be k(-1). Let d(f) = f**3 + 2*f**2 - 4*f + 5. Let q be d(w). What are the prime factors of q/(0 + (-1 - 0))?
11
Let p(r) = 4*r**2 + 9 + 10*r + 0 - 5*r**2. List the prime factors of p(10).
3
Let h = 6 - 4. Suppose -h*t - 3 = -1. What are the prime factors of (t + -2)/(-1)*5?
3, 5
Let m be (-18)/(1/(8/(-6))). Suppose 0*d = 3*d - m. List the prime factors of d.
2
Let b(t) = -3*t**2 - t - 1. Let h be b(2). Let g be (-25)/20 + (-1)/(-4). Let f = g - h. What are the prime factors of f?
2, 7
Let z(i) = 93*i + 1. What are the prime factors of z(2)?
11, 17
List the prime factors of (-70)/175 + (-6)/(-20)*568.
2, 5, 17
Let w(o) = 32*o**3 - o**2 - o + 1. Suppose 4 = 4*s - 0. Let q be w(s). Suppose 19 + q = 5*c. List the prime factors of c.
2, 5
Suppose 3*k + y + 0*y = 39, -2*k = -4*y - 26. Suppose l + 14 = -2*q + 6*q, 0 = 5*q + l - k. Suppose q*x - 31 = 2. What are the prime factors of x?
11
Suppose f - 96 = 5*f. Let p = 36 + f. List the prime factors of p.
2, 3
Suppose -60 = -5*i - 5*d, -2*d - 3*d - 44 = -3*i. What are the prime factors of i?
13
Let z = -1 + 5. Suppose 2*x - 6 = -z, o = x + 8. List the prime factors of o.
3
Let c = 12 - -44. What are the prime factors of c?
2, 7
Suppose -5*q + 707 - 12 = 0. What are the prime factors of q?
139
Let c(n) = 7*n - 13. What are the prime factors of c(9)?
2, 5
Let n be (7/2)/(6/(-12)). Let p = -1 - n. List the prime factors of p.
2, 3
Let j(n) = 3*n + 1. Let k be j(-1). Let t be -2*k*10/8. Suppose 4 = t*q - 6. List the prime factors of q.
2
Let h = 3 + 2. Let l(y) = y - 3. Let k be l(6). Let f = h + k. What are the prime factors of f?
2
Let a(o) = -2*o**2 + o**2 + o**3 + 1 - 2*o**3 - 3. Suppose -3*c + s = 2*c + 12, -5*s = -3*c - 16. List the prime factors of a(c).
2
Suppose -2 = -5*k + 4*k. Suppose -g + k*q + 37 = 0, 3*g - 143 = -2*q - 0*q. What are the prime factors of g?
3, 5
Let l(g) = -g**3 + 3*g**2 - g + 1. Let u be ((-4)/3)/(8/(-12)). What are the prime factors of l(u)?
3
Let c = 13 + -10. List the prime factors of c + -3 + (1 - -14).
3, 5
Let g(b) be the first derivative of -3*b**4/4 + b**2 + b + 3. What are the prime factors of g(-1)?
2
Suppose -4*n = n - 140. Suppose 4*l = -5*m + 61, -2*l - 2*m = -0*l - n. What are the prime factors of l?
3
Suppose -93 - 207 = -5*b. What are the prime factors of b?
2, 3, 5
What are the prime factors of 136 + -4 + 12 + -5?
139
Let m = -90 + 205. List the prime factors of m.
5, 23
Suppose 70*d - 73*d = -513. What are the prime factors of d?
3, 19
Let k = -63 - -131. List the prime factors of k.
2, 17
Suppose 3*c + 3*w - 143 = 2*w, w = 2*c - 87. List the prime factors of c.
2, 23
Let j(l) = 21*l**2 + l - 3. List the prime factors of j(-3).
3, 61
List the prime factors of 142/9 - (-2)/9.
2
Let r(y) = -y**3 + 7*y**2 - 3*y + 6. Suppose 0 = u + 4*u - 30. List the prime factors of r(u).
2, 3
List the prime factors of (-1)/(1 + -2)*205/1.
5, 41
Suppose -2*y + 99 = j, j + 4*y - 307 = -2*j. List the prime factors of j.
109
Let b(v) = -2*v**2 - v**2 - 1 - 2*v**3 + 6 - 4. What are the prime factors of b(-2)?
5
Let m(l) = -l**2 + 11*l - 12. What are the prime factors of m(5)?
2, 3
Let s(d) be the second derivative of -d**5/20 + 5*d**4/12 - d**3/3 - d**2 - 3*d. What are the prime factors of s(2)?
2, 3
Let l be (0 + 1)/1 + -9. What are the prime factors of l/12 - (-17)/3?
5
List the prime factors of (2 - 1)*-282*1/(-2).
3, 47
Suppose 3*j - 368 = -0*t - 5*t, 244 = 3*t - 4*j. What are the prime factors of t/(-6)*(-9)/6?
19
Suppose v + 5*j - 17 - 9 = 0, 0 = -4*v - 4*j + 136. List the prime factors of v.
2, 3
What are the prime factors of (-454)/(-14) - (-3)/(-7)?
2
Let h = -163 + 165. List the prime factors of h.
2
Suppose 8 = 4*r, -28 = 5*d - d - 4*r. Let i = 5 + d. Let b = 5 + i. List the prime factors of b.
5
Let h be 11/3 - (-14)/(-21). Suppose -2*l = h*l - 115. List the prime factors of l.
23
Let v(n) = -n + 13. Let d be v(7). Suppose -f + d = -5. Suppose 0 = -3*j - 3*p + 25 + 23, -2*j + 5*p + f = 0. What are the prime factors of j?
13
Suppose 2*z = -v + 18, 0*v - 2*z = -2*v + 42. Let l = 22 + v. Suppose w - 3*t = l - 19, 21 = 2*w - t. List the prime factors of w.
2
Suppose 4*r - 4 = 2*r. Suppose -4*c = -r - 18. What are the prime factors of 3 + (10 - (3 - c))?
3, 5
Let d be 10*(3/(-2) + 2). Suppose -d*c = 4*t - 30, 9*t = 5*c + 4*t - 30. What are the prime factors of c?
2, 3
Suppose -3*b = -2*f - 0*f + 11, 0 = -f + 4*b + 3. Let o(v) = -6*v + 3 + 9 + 2*v + 3*v. What are the prime factors of o(f)?
5
Let m(z) = z**3 - 9*z**2 - 8*z + 1. What are the prime factors of m(10)?
3, 7
Let n(q) = q**2 - 3*q - 4. Let b be -2*2 - (1 - 0). Let a = b - -10. What are the prime factors of n(a)?
2, 3
Let a(l) = 4 - l**2 + 0 + 1 - 4*l. Let s be a(-4). Suppose s*o - 24 = 36. List the prime factors of o.
2, 3
Suppose -4*p = p - 15. Suppose 2*b - m - 47 + 8 = 0, p*b + 5*m = 52. Let a = -7 + b. List the prime factors of a.
2, 3
Let d(y) = -y**3 - 3*y**2 + 6*y - 5. Let f be d(-5). Let u be 2/(-8) - 12/16. Let j = u + f. What are the prime factors of j?
2, 7
Suppose -2*p + 8 = -4. List the prime factors of p.
2, 3
Suppose 37 = -3*f - s, -f - 3*s = -7*s - 5. Let y be -33*(3 - f/(-3)). Let q = -9 + y. List the prime factors of q.
13
Suppose -5*q = -0*q. List the prime factors of q + 9*(-2 + 3).
3
Suppose 5*w + 26 - 6 = 0. What are the prime factors of 5/(1 + 2/w)?
2, 5
List the prime factors of (-2856)/(-60) + (-4)/(-10).
2, 3
Let i(n) be the first derivative of n**4/4 + 7*n**3/3 + 10*n + 4. List the prime factors of i(-7).
2, 5
What are the prime factors of 56 + -2 - (-9 - -9)?
2, 3
Suppose 3*w - 80 - 19 = 0. What are the prime factors of w?
3, 11
Suppose 0*o = -5*o + 5. Let r = -13 + 5. Let m = o - r. What are the prime factors of m?
3
Suppose -3*g = m + 33, -4*m - 5*g + 54 = 151. Let h = m - -10. Let p = 7 - h. What are the prime factors of p?
3, 5
Let r(n) = -n**3 - 4*n**2 - 3*n - 4. What are the prime factors of r(-6)?
2, 43
Let d(r) = -2*r - 1. What are the prime factors of d(-2)?
3
Suppose 2*t - t = 9. Let m be t/(-6)*(-4)/3. Suppose 0 = -m*r - 3*r + 50. List the prime factors of r.
2, 5
Suppose -3*j + 14 = v, -3*j + 4 = 3*v - 4*v. Suppose -2*r - 26 = -j*r. List the prime factors of r.
2, 13
Suppose -4*c = -0*c - 12. What are the prime factors of c?
3
Let a = 21 - 14. List the prime factors of a.
7
Suppose -2*g = -4*d + 24, 2*d - 3*g - 8 = -g. List the prime factors of d.
2
Suppose 20*k - 279 = 11*k. List the prime factors of k.
31
Suppose 4*x = 7*x - 3. Let k(f) = 33*f**3 + f**2 + 2*f - 2. What are the prime factors of k(x)?
2, 17
Let k be 42/(-5) - 4/(-10). Let s(o) = 3*o**2 - 6*o - 2. Let f(x) = 4*x**2 - 5*x - 1. Let v(c) = -4*f(c) + 5*s(c). What are the prime factors of v(k)?
2, 5
Suppose 62*r + 574 = 64*r. What are the prime factors of r?
7, 41
What are the prime factors of (-1)/(4/8) - -14?
2, 3
Suppose 4*q = -8 + 36. Let u(t) = -t + 10. Let d be u(q). List the prime factors of 26/d - 4/6.
2
Let n = 50 + -29. Suppose 2*q - 2*y = 61 + n, 162 = 4*q - 5*y. What are the prime factors of q?
43
Let i = -1 + 20. Suppose 0 = -2*m + 1 + i. What are the prime factors of m?
2, 5
Let t(h) = -h + 2. Let s be t(0). Suppose 7*c - 120 = s*c. Suppose 4*b + a - 26 = 0, -3*b + 3*a